141 is divided by 2?
1
Calculate the remainder when 1509 is divided by 496.
21
Calculate the remainder when 74 is divided by 36.
2
Calculate the remainder when 171 is divided by 29.
26
Calculate the remainder when 756 is divided by 365.
26
Calculate the remainder when 11763 is divided by 159.
156
Calculate the remainder when 364 is divided by 185.
179
What is the remainder when 154 is divided by 141?
13
Calculate the remainder when 239 is divided by 23.
9
What is the remainder when 320 is divided by 81?
77
What is the remainder when 147 is divided by 43?
18
What is the remainder when 167 is divided by 25?
17
Calculate the remainder when 867 is divided by 472.
395
What is the remainder when 4471 is divided by 320?
311
What is the remainder when 520 is divided by 70?
30
What is the remainder when 2300 is divided by 32?
28
What is the remainder when 465 is divided by 61?
38
Calculate the remainder when 187 is divided by 100.
87
Calculate the remainder when 126 is divided by 44.
38
Calculate the remainder when 2612 is divided by 109.
105
What is the remainder when 27 is divided by 3?
0
Calculate the remainder when 78 is divided by 15.
3
What is the remainder when 569 is divided by 44?
41
What is the remainder when 314 is divided by 23?
15
Calculate the remainder when 48 is divided by 7.
6
Calculate the remainder when 217 is divided by 51.
13
Calculate the remainder when 1587 is divided by 10.
7
What is the remainder when 222 is divided by 222?
0
What is the remainder when 110 is divided by 105?
5
What is the remainder when 568 is divided by 147?
127
Calculate the remainder when 55 is divided by 41.
14
What is the remainder when 1593 is divided by 782?
29
Calculate the remainder when 3929 is divided by 23.
19
Calculate the remainder when 73 is divided by 15.
13
What is the remainder when 15 is divided by 13?
2
What is the remainder when 1243 is divided by 12?
7
What is the remainder when 128 is divided by 35?
23
Calculate the remainder when 923 is divided by 154.
153
Calculate the remainder when 9303 is divided by 5.
3
Calculate the remainder when 855 is divided by 78.
75
Calculate the remainder when 474 is divided by 153.
15
What is the remainder when 409 is divided by 7?
3
What is the remainder when 263 is divided by 89?
85
Calculate the remainder when 1098 is divided by 25.
23
Calculate the remainder when 127 is divided by 70.
57
Calculate the remainder when 803 is divided by 23.
21
What is the remainder when 4132 is divided by 2066?
0
What is the remainder when 3353 is divided by 73?
68
Calculate the remainder when 1098 is divided by 10.
8
What is the remainder when 1099 is divided by 10?
9
What is the remainder when 15 is divided by 3?
0
Calculate the remainder when 142 is divided by 43.
13
What is the remainder when 453 is divided by 24?
21
Calculate the remainder when 3469 is divided by 89.
87
What is the remainder when 14 is divided by 5?
4
What is the remainder when 367 is divided by 22?
15
What is the remainder when 1034 is divided by 61?
58
Calculate the remainder when 769 is divided by 36.
13
Calculate the remainder when 1032 is divided by 23.
20
What is the remainder when 204 is divided by 5?
4
What is the remainder when 3344 is divided by 186?
182
What is the remainder when 424 is divided by 7?
4
What is the remainder when 915 is divided by 46?
41
What is the remainder when 1832 is divided by 142?
128
What is the remainder when 1789 is divided by 356?
9
Calculate the remainder when 139 is divided by 11.
7
Calculate the remainder when 9 is divided by 4.
1
Calculate the remainder when 113 is divided by 46.
21
What is the remainder when 972 is divided by 105?
27
What is the remainder when 32 is divided by 17?
15
Calculate the remainder when 251 is divided by 36.
35
What is the remainder when 1522 is divided by 12?
10
Calculate the remainder when 71 is divided by 8.
7
Calculate the remainder when 515 is divided by 43.
42
What is the remainder when 186 is divided by 11?
10
Calculate the remainder when 223 is divided by 8.
7
What is the remainder when 378 is divided by 16?
10
Calculate the remainder when 64 is divided by 58.
6
What is the remainder when 169 is divided by 21?
1
Calculate the remainder when 1060 is divided by 177.
175
Calculate the remainder when 1429 is divided by 211.
163
What is the remainder when 303 is divided by 5?
3
What is the remainder when 4199 is divided by 30?
29
What is the remainder when 111 is divided by 30?
21
What is the remainder when 750 is divided by 82?
12
Calculate the remainder when 28 is divided by 10.
8
Calculate the remainder when 1171 is divided by 23.
21
What is the remainder when 394 is divided by 9?
7
What is the remainder when 88 is divided by 22?
0
What is the remainder when 13 is divided by 5?
3
What is the remainder when 5774 is divided by 21?
20
Calculate the remainder when 708 is divided by 27.
6
Calculate the remainder when 754 is divided by 187.
6
What is the remainder when 534 is divided by 90?
84
Calculate the remainder when 195 is divided by 28.
27
Calculate the remainder when 3286 is divided by 23.
20
Calculate the remainder when 726 is divided by 26.
24
What is the remainder when 1160 is divided by 80?
40
Calculate the remainder when 509 is divided by 51.
50
What is the remainder when 1193 is divided by 246?
209
Calculate the remainder when 7551 is divided by 1509.
6
What is the remainder when 508 is divided by 393?
115
Calculate the remainder when 189 is divided by 13.
7
Calculate the remainder when 587 is divided by 99.
92
What is the remainder when 463 is divided by 15?
13
Calculate the remainder when 1710 is divided by 16.
14
Calculate the remainder when 172 is divided by 35.
32
Calculate the remainder when 2516 is divided by 18.
14
What is the remainder when 7313 is divided by 55?
53
Calculate the remainder when 1530 is divided by 21.
18
What is the remainder when 2825 is divided by 101?
98
Calculate the remainder when 1604 is divided by 22.
20
Calculate the remainder when 139 is divided by 45.
4
Calculate the remainder when 62 is divided by 40.
22
What is the remainder when 579 is divided by 8?
3
Calculate the remainder when 381 is divided by 139.
103
What is the remainder when 496 is divided by 154?
34
Calculate the remainder when 154 is divided by 23.
16
Calculate the remainder when 666 is divided by 245.
176
Calculate the remainder when 3058 is divided by 255.
253
What is the remainder when 36 is divided by 36?
0
What is the remainder when 355 is divided by 115?
10
Calculate the remainder when 393 is divided by 35.
8
What is the remainder when 5 is divided by 5?
0
Calculate the remainder when 64 is divided by 5.
4
Calculate the remainder when 25 is divided by 21.
4
Calculate the remainder when 1312 is divided by 648.
16
What is the remainder when 1733 is divided by 172?
13
Calculate the remainder when 218 is divided by 76.
66
Calculate the remainder when 5765 is divided by 62.
61
What is the remainder when 251 is divided by 7?
6
What is the remainder when 27 is divided by 6?
3
What is the remainder when 863 is divided by 72?
71
Calculate the remainder when 2591 is divided by 49.
43
Calculate the remainder when 1566 is divided by 8.
6
What is the remainder when 355 is divided by 21?
19
What is the remainder when 589 is divided by 142?
21
What is the remainder when 23 is divided by 15?
8
Calculate the remainder when 8999 is divided by 14.
11
What is the remainder when 1869 is divided by 313?
304
What is the remainder when 886 is divided by 6?
4
What is the remainder when 824 is divided by 64?
56
Calculate the remainder when 268 is divided by 18.
16
Calculate the remainder when 81 is divided by 16.
1
Calculate the remainder when 8259 is divided by 97.
14
Calculate the remainder when 7218 is divided by 38.
36
What is the remainder when 817 is divided by 119?
103
What is the remainder when 101 is divided by 7?
3
What is the remainder when 170 is divided by 67?
36
What is the remainder when 137 is divided by 58?
21
What is the remainder when 150 is divided by 50?
0
Calculate the remainder when 2560 is divided by 129.
109
What is the remainder when 378 is divided by 98?
84
Calculate the remainder when 238 is divided by 15.
13
What is the remainder when 224 is divided by 46?
40